 - 5*g = -47. Calculate the highest common divisor of 77 and s.
11
Suppose -504 = -7*g + g. What is the highest common divisor of g and 28?
28
Let w(f) = f**3 - 2*f**2 - 5*f - 3. Let k be w(4). What is the greatest common factor of 9 and k?
9
Let k(z) = -38*z + 15. Let o be k(-6). What is the greatest common divisor of 27 and o?
27
Let f(n) = 109*n**2 + 1. Let p be f(1). Let w = 6 - 2. Suppose w*s + 12 = 52. What is the highest common factor of p and s?
10
Let r = -20 + 13. Let w = r - -11. Calculate the greatest common divisor of w and 6.
2
Let s(m) = 4*m**3 - m**2 + 2*m - 1. Suppose 0 = 2*t - 2. Let a be s(t). What is the highest common divisor of 36 and a?
4
Let b be (-3)/5 + (-6)/15. Let r be (-14)/(-4) - b/2. Calculate the highest common divisor of r and 1.
1
Let t(y) = -y**2 - y + 3. Let z be t(0). Let q(u) = u + 4. Let x be q(6). Suppose -4*p + x = -2. Calculate the highest common factor of z and p.
3
Suppose 4 = j + 2, -20 = -v - j. What is the greatest common divisor of v and 36?
18
Suppose -56 = -3*t - 26. What is the greatest common divisor of 4 and t?
2
Let n be ((-6)/4)/((-2)/4). Let o be (3 + 6)/n + 27. What is the greatest common factor of 15 and o?
15
Let d be 92/20 + (-4)/(-10). Let u(m) = -m**3 + 8*m**2 - 5*m - 1. Let s be u(d). What is the greatest common factor of 7 and s?
7
Let m = 32 + -5. What is the greatest common divisor of m and 3?
3
Let g(v) = 33*v - 5. Let n be g(5). What is the greatest common factor of 20 and n?
20
Suppose r + 12 = 19. Calculate the highest common divisor of 49 and r.
7
Let x = -5 + 7. Let i be -3 + x + 3 - -53. Calculate the highest common factor of 5 and i.
5
Let y = -31 - -130. Let i be -2 + (-2 - 8*-1). Suppose -p - 51 = -7*t + 2*t, 3*p - 56 = -i*t. What is the greatest common divisor of y and t?
11
Let w be (-1)/((-3)/6) - -20. Let u be w/4 - (-2)/(-4). Let r = u - -4. What is the highest common divisor of r and 6?
3
Let y be (-3)/(-6)*(44 - -4). What is the greatest common divisor of y and 168?
24
Suppose 2*l + y = -8 - 35, -5*l - y - 103 = 0. Let b = l - -43. Let v = b - 7. What is the greatest common factor of 64 and v?
16
Let d(u) = 18*u - 1. Let b be d(-1). Let j = b + 63. What is the highest common divisor of j and 4?
4
Let v(u) be the second derivative of -3/2*u**3 + 0*u**2 + 0 + 2*u. Let m be v(-5). What is the highest common factor of 18 and m?
9
Suppose 6*y + 16 = 2*b + 4*y, y + 26 = 3*b. Calculate the greatest common factor of b and 18.
9
Let p be 1/(4 - (-27)/(-7)). Let f = p - -1. What is the greatest common factor of f and 8?
8
Let h = 2 + -3. Let x be (-3 - h)/((-12)/(-6)). Let a be ((-22)/(-8))/(x/(-4)). What is the highest common factor of 44 and a?
11
Let k(o) = o**2 - 3*o + 6. Let n be k(5). Suppose -m - 3*m + n = 0. Let y be 10/1*2/m. What is the highest common factor of 35 and y?
5
Let f be 3 + (-15)/(-1) + -3. Suppose -2*q - 3 = -7. Suppose -q*h - f = -5*h. What is the greatest common divisor of 20 and h?
5
Suppose 2*w + 44 = 6*w + 3*i, 0 = -3*w + 4*i + 58. Calculate the greatest common divisor of 42 and w.
14
Suppose 82 = -4*l - 58. Let y = -24 - l. Calculate the highest common factor of y and 99.
11
Suppose 3*t - s = 170, 3*s - 2*s = -t + 50. Calculate the highest common factor of t and 5.
5
Suppose 10 = 3*c - 17. Suppose 3*f + 8 - 35 = 0. Calculate the greatest common factor of c and f.
9
Let u(f) = -f + 16. Let x be u(11). Suppose x*g = 24 + 216. Suppose 2*v + 6 = l, 3*l - 18 = v - 4*v. What is the greatest common factor of g and l?
6
Suppose 4*w = -3*z + 72, w - 5*z - 11 = 7. Let x be (-2)/(-2)*1 + 15219/171. What is the highest common factor of w and x?
18
Let b = -191 - -284. What is the greatest common divisor of b and 155?
31
Let q(z) = z - 6. Let y be q(6). Suppose 4*a + y = 8. Calculate the highest common divisor of a and 16.
2
Suppose 0 = 3*b + 3*p - p - 320, -2*b + 2*p = -220. Let j = 158 - b. Calculate the highest common divisor of j and 10.
10
Let c(v) = -v + 16. Let t be c(13). Suppose 12 = t*d + d. Calculate the greatest common divisor of d and 24.
3
Let q be (-2)/6 - 46/6. Let f = q - -140. Suppose 3*u = c - 5*c + 52, -3*u + 5*c + 16 = 0. What is the greatest common divisor of f and u?
12
Let t = -18 - -54. What is the highest common divisor of 9 and t?
9
Let v be 10*2/(-8)*-4. Calculate the highest common factor of 80 and v.
10
Let d(q) = -q**3 + 11*q**2 - 11*q + 13. Let s be d(10). Let m = s + -2. What is the highest common factor of m and 4?
1
Suppose 5*z - 9*z + 384 = 0. What is the greatest common divisor of z and 32?
32
Let d be -2 + -3 + (2 - -17). Suppose -2*j + 34 = -d. What is the highest common divisor of j and 3?
3
Let r(l) = -l**3 - 5*l**2 - 3*l - 3. Let t be r(-5). What is the greatest common divisor of 12 and t?
12
Suppose -5*g + 16 = -9. Suppose -31 = g*n - 11, 4*h + 3*n = 212. Suppose -7*d + h = -3*d. Calculate the greatest common divisor of d and 56.
14
Let g be 2/4 - 168/16. Let r be (-2)/(g/4 + 2). Calculate the greatest common factor of 44 and r.
4
Suppose -437 = -3*t - 2*c - 2*c, -435 = -3*t - 3*c. Suppose 3*b = -2*f - 0*f + 39, 0 = 2*b + 2*f - 26. What is the highest common divisor of t and b?
13
Let t be 9/2 + (-6)/4. Calculate the highest common factor of t and 15.
3
Let k be (4/2)/(-1 - -3) - -32. What is the highest common factor of k and 22?
11
Let z(g) = 10*g. Let l be z(1). Let t be 9 + 176 - (1 - 1). Suppose -t - 115 = -3*u. Calculate the greatest common factor of l and u.
10
Let w = 4 - -10. Calculate the highest common factor of 42 and w.
14
Let n = 322 - -46. Calculate the highest common factor of n and 46.
46
Let y be 4/(-22) + (-155)/55. Let b be 2/y*(-42)/4. Calculate the highest common divisor of 35 and b.
7
Let s be 5/1 + (2 - 4). Let g = -11 + s. Let h be (-53)/(-5) - g/20. Calculate the greatest common divisor of 88 and h.
11
Suppose 4*w + 0 = -16, g - 4*w - 24 = 0. Calculate the greatest common factor of g and 64.
8
Suppose -x + 0 = -4. Suppose -5*y + 3*h - 2*h + 164 = 0, 0 = -5*y + 5*h + 180. Calculate the highest common factor of y and x.
4
Suppose 0 = -2*q, 2*q = 4*k + q - 116. Calculate the highest common divisor of 116 and k.
29
Suppose -j = -4*j - 3*w + 45, 0 = -5*j - 2*w + 84. What is the greatest common divisor of 54 and j?
18
Let j be 8/10 + (-2946)/(-30). Suppose -15 = -f - 3*w, 2*w = 2*f - 0*f - 14. What is the highest common divisor of j and f?
9
Suppose 101*d - 99*d = 120. Calculate the greatest common factor of 45 and d.
15
Suppose -59 = -5*m + 66. What is the greatest common divisor of 5 and m?
5
Suppose 6*z = 3*z + 36. What is the greatest common divisor of 30 and z?
6
Suppose 6*f = 2*f - 12. Let z(a) = a + 3. Let x be z(f). Let q = x - -1. What is the highest common factor of q and 9?
1
Let v be 60 + 0 - (-3)/(12/(-16)). Suppose 4*q - 7 - 49 = 0. What is the highest common factor of q and v?
14
Suppose 5*w = 9 + 11. What is the greatest common factor of w and 12?
4
Suppose 5*f - 5*y - 100 = 0, 4*y = f - 0*y - 14. Calculate the greatest common factor of 55 and f.
11
Let n = -6 - -16. Suppose 0 = 2*c - k - 29, 9*k - 50 = -3*c + 4*k. Calculate the greatest common divisor of n and c.
5
Let q = -35 + 62. Let o = q - 7. What is the greatest common divisor of o and 4?
4
Let s(w) = 7*w**3 + w + 2. Let a be s(-2). Let n = 101 + a. Let f = n - -27. What is the greatest common factor of 9 and f?
9
Let b be (-21)/(-14)*(1 + 19). Suppose 4*l - 510 = b. Calculate the highest common factor of 54 and l.
27
Suppose 4*c - 15 = 3*c. What is the greatest common divisor of c and 30?
15
Let o(y) = -y**2 - 11*y - 7. Let q be o(-10). Suppose 0 = q*s - u - 193, -3*u + 5*u = -2*s + 134. What is the highest common factor of s and 13?
13
Suppose -3*y + 3*q + 13 = 5*q, 4*y + 4*q = 20. What is the greatest common factor of y and 12?
3
Let n be 0/(1 - 0/2). Let r = -61 - -64. Suppose -5*d + 90 = -d - r*a, n = -5*d + a + 118. What is the highest common divisor of d and 6?
6
Let c(j) be the third derivative of 0*j + 1/120*j**6 - 5/24*j**4 + j**3 + 0 - j**2 - 1/12*j**5. Let n be c(6). What is the greatest common factor of 30 and n?
6
Suppose 3*k + 4*s + 140 = 468, 5*k = 2*s + 538. Calculate the greatest common divisor of 12 and k.
12
Let j = 2 + -1. What is the greatest common divisor of j and 7?
1
Suppose -4*n = 3*v - 19,